git of 20170?
0
What is the hundreds digit of 5749?
7
What is the hundreds digit of 583?
5
What is the units digit of 2689?
9
What is the hundred thousands digit of 156773?
1
What is the hundreds digit of 543?
5
What is the hundreds digit of 1882?
8
What is the thousands digit of 4774?
4
What is the thousands digit of 10103?
0
What is the thousands digit of 29712?
9
What is the thousands digit of 7829?
7
What is the thousands digit of 38933?
8
What is the hundreds digit of 52442?
4
What is the hundreds digit of 1099?
0
What is the units digit of 79068?
8
What is the thousands digit of 55065?
5
What is the tens digit of 36001?
0
What is the tens digit of 9056?
5
What is the hundreds digit of 13186?
1
What is the units digit of 948?
8
What is the units digit of 390?
0
What is the thousands digit of 6595?
6
What is the hundreds digit of 4230?
2
What is the thousands digit of 1063?
1
What is the hundreds digit of 1123?
1
What is the thousands digit of 109844?
9
What is the hundreds digit of 115711?
7
What is the tens digit of 705?
0
What is the hundreds digit of 4298?
2
What is the units digit of 310?
0
What is the hundreds digit of 19844?
8
What is the hundreds digit of 766?
7
What is the hundreds digit of 1506?
5
What is the thousands digit of 13070?
3
What is the hundreds digit of 165?
1
What is the units digit of 11384?
4
What is the thousands digit of 4467?
4
What is the ten thousands digit of 19206?
1
What is the thousands digit of 30930?
0
What is the ten thousands digit of 15422?
1
What is the hundreds digit of 1043?
0
What is the tens digit of 70595?
9
What is the hundreds digit of 25320?
3
What is the ten thousands digit of 144938?
4
What is the units digit of 24495?
5
What is the thousands digit of 135368?
5
What is the units digit of 472?
2
What is the ten thousands digit of 35796?
3
What is the tens digit of 160194?
9
What is the hundreds digit of 1655?
6
What is the tens digit of 2109?
0
What is the thousands digit of 32624?
2
What is the units digit of 23886?
6
What is the tens digit of 2591?
9
What is the thousands digit of 15274?
5
What is the ten thousands digit of 62652?
6
What is the hundreds digit of 15673?
6
What is the hundreds digit of 678?
6
What is the hundreds digit of 1499?
4
What is the units digit of 16118?
8
What is the tens digit of 317?
1
What is the hundreds digit of 641?
6
What is the hundreds digit of 1372?
3
What is the units digit of 1706?
6
What is the tens digit of 11931?
3
What is the tens digit of 16039?
3
What is the thousands digit of 2028?
2
What is the thousands digit of 31731?
1
What is the tens digit of 3434?
3
What is the tens digit of 618?
1
What is the thousands digit of 2203?
2
What is the tens digit of 3903?
0
What is the ten thousands digit of 64913?
6
What is the hundred thousands digit of 151634?
1
What is the hundreds digit of 411?
4
What is the thousands digit of 3469?
3
What is the tens digit of 3615?
1
What is the tens digit of 1926?
2
What is the tens digit of 133560?
6
What is the units digit of 9870?
0
What is the thousands digit of 53331?
3
What is the thousands digit of 2101?
2
What is the hundreds digit of 305?
3
What is the thousands digit of 5679?
5
What is the tens digit of 61?
6
What is the hundreds digit of 11130?
1
What is the tens digit of 1784?
8
What is the units digit of 3303?
3
What is the hundreds digit of 1023?
0
What is the units digit of 1731?
1
What is the thousands digit of 10039?
0
What is the tens digit of 2141?
4
What is the thousands digit of 1055?
1
What is the thousands digit of 1413?
1
What is the hundreds digit of 694?
6
What is the thousands digit of 6167?
6
What is the tens digit of 523?
2
What is the tens digit of 2997?
9
What is the hundreds digit of 3018?
0
What is the ten thousands digit of 71375?
7
What is the units digit of 7761?
1
What is the thousands digit of 3312?
3
What is the ten thousands digit of 37105?
3
What is the units digit of 154641?
1
What is the tens digit of 2681?
8
What is the tens digit of 4490?
9
What is the ten thousands digit of 20875?
2
What is the hundreds digit of 168815?
8
What is the hundreds digit of 85150?
1
What is the hundreds digit of 1600?
6
What is the units digit of 12006?
6
What is the units digit of 1072?
2
What is the hundreds digit of 6686?
6
What is the units digit of 230?
0
What is the ten thousands digit of 13242?
1
What is the units digit of 37202?
2
What is the thousands digit of 31817?
1
What is the ten thousands digit of 14980?
1
What is the units digit of 7051?
1
What is the hundreds digit of 104?
1
What is the thousands digit of 1615?
1
What is the tens digit of 1087?
8
What is the hundreds digit of 639?
6
What is the thousands digit of 6035?
6
What is the hundreds digit of 5580?
5
What is the hundreds digit of 156628?
6
What is the ten thousands digit of 34844?
3
What is the tens digit of 4984?
8
What is the units digit of 2007?
7
What is the tens digit of 31042?
4
What is the thousands digit of 2969?
2
What is the units digit of 4033?
3
What is the ten thousands digit of 47376?
4
What is the thousands digit of 32935?
2
What is the hundreds digit of 301?
3
What is the hundreds digit of 2778?
7
What is the units digit of 549?
9
What is the hundreds digit of 7744?
7
What is the hundreds digit of 23996?
9
What is the tens digit of 6064?
6
What is the tens digit of 2351?
5
What is the units digit of 575?
5
What is the thousands digit of 21072?
1
What is the hundreds digit of 53024?
0
What is the tens digit of 32?
3
What is the hundreds digit of 5330?
3
What is the tens digit of 43145?
4
What is the thousands digit of 5720?
5
What is the thousands digit of 9413?
9
What is the tens digit of 19949?
4
What is the hundreds digit of 51114?
1
What is the ten thousands digit of 100176?
0
What is the units digit of 27659?
9
What is the hundreds digit of 81391?
3
What is the hundreds digit of 106291?
2
What is the hundreds digit of 3542?
5
What is the tens digit of 4139?
3
What is the units digit of 972?
2
What is the units digit of 1206?
6
What is the ten thousands digit of 44038?
4
What is the hundreds digit of 2144?
1
What is the thousands digit of 112748?
2
What is the thousands digit of 1122?
1
What is the tens digit of 2096?
9
What is the tens digit of 21151?
5
What is the tens digit of 4046?
4
What is the hundreds digit of 622?
6
What is the tens digit of 92?
9
What is the hundreds digit of 3811?
8
What is the units digit of 6743?
3
What is the tens digit of 9248?
4
What is the thousands digit of 5478?
5
What is the units digit of 6641?
1
What is the units digit of 23794?
4
What is the units digit of 3265?
5
What is the thousands digit of 7593?
7
What is the units digit of 34042?
2
What is the units digit of 65778?
8
What is the hundreds digit of 2534?
5
What is the hundreds digit of 920?
9
What is the units digit of 17528?
8
What is the hundreds digit of 100253?
2
What is the units digit of 227?
7
What is the hundreds digit of 378?
3
What is the hundreds digit of 94645?
6
What is the units digit of 14276?
6
What is the units digit of 8088?
8
What is the tens digit of 10181?
8
What is the units digit of 10688?
8
What is the units digit of 3943?
3
What is the tens digit of 201871?
7
What is the hundreds digit of 5704?
7
What is the units digit of 11230?
0
What is the tens digit of 47926?
2
What is the ten thousands digit of 32982?
3
What is the thousands digit of 3946?
3
What is the units digit of 3233?
3
What is the hundreds digit of 37172?
1
What is the units digit of 8366?
6
What is the tens digit of 1139?
3
What is the hundreds digit of 20310?
3
What is the hundreds digit of 694?
6
What is the units digit of 15774?
4
What is the hundreds digit of 17318?
3
What is the units digit of 4040?
0
What is the tens digit of 27748?
4
What is the hundreds digit of 4240?
2
What is the thousands digit of 13128?
3
What is the tens digit of 50899?
9
What is the thousands digit of 2397?
2
What is the hundreds digit of 9050?
0
What is the hundreds digit of 25476?
4
What is the tens digit of 4064?
6
What is the thousands digit of 3688?
3
What is the hundred thousands digit of 106971?
1
What is the hundreds digit of 96100?
1
What is the thousands digit of 5231?
5
What is the units digit of 5019?
9
What is the tens digit